?
35
What is the remainder when 32642940 is divided by 16975?
15
Calculate the remainder when 6103823 is divided by 91.
89
What is the remainder when 1675851 is divided by 34902?
555
Calculate the remainder when 57088 is divided by 3564.
64
What is the remainder when 1175466 is divided by 7?
5
Calculate the remainder when 16381057 is divided by 126008.
17
What is the remainder when 4846346 is divided by 159?
26
What is the remainder when 2814884 is divided by 2814737?
147
What is the remainder when 45500 is divided by 522?
86
What is the remainder when 768993117 is divided by 36?
33
Calculate the remainder when 75197 is divided by 25033.
98
What is the remainder when 160736 is divided by 40128?
224
What is the remainder when 505272508 is divided by 84212084?
4
Calculate the remainder when 6147572 is divided by 377.
210
What is the remainder when 50746604 is divided by 15928?
15924
Calculate the remainder when 13838 is divided by 1074.
950
Calculate the remainder when 890814 is divided by 445385.
44
Calculate the remainder when 110244 is divided by 5365.
2944
What is the remainder when 5983945 is divided by 727?
8
Calculate the remainder when 53106 is divided by 1044.
906
What is the remainder when 184909 is divided by 4473?
1516
Calculate the remainder when 99225 is divided by 1183.
1036
Calculate the remainder when 67986512 is divided by 22662142.
86
Calculate the remainder when 3013989 is divided by 6.
3
What is the remainder when 44077777 is divided by 352622?
27
What is the remainder when 150175061 is divided by 4?
1
What is the remainder when 18144896 is divided by 10?
6
What is the remainder when 250621 is divided by 724?
117
What is the remainder when 22697348 is divided by 1653?
5
What is the remainder when 1563270 is divided by 26?
20
What is the remainder when 239804 is divided by 239024?
780
Calculate the remainder when 30312389 is divided by 22.
19
Calculate the remainder when 123454 is divided by 24518.
864
What is the remainder when 2049814 is divided by 2715?
2704
What is the remainder when 2402704 is divided by 268?
84
Calculate the remainder when 2958644 is divided by 12425.
1494
What is the remainder when 91389721 is divided by 73?
72
Calculate the remainder when 353932 is divided by 13.
7
Calculate the remainder when 894167 is divided by 127718.
141
Calculate the remainder when 10711263 is divided by 6.
3
What is the remainder when 59092 is divided by 402?
400
What is the remainder when 21645 is divided by 972?
261
What is the remainder when 290002 is divided by 20352?
5074
Calculate the remainder when 4341780 is divided by 583.
179
Calculate the remainder when 1044469 is divided by 43498.
517
Calculate the remainder when 245768629 is divided by 41.
33
Calculate the remainder when 26721496 is divided by 125.
121
Calculate the remainder when 1195460 is divided by 1633.
104
Calculate the remainder when 3606975 is divided by 39.
21
What is the remainder when 29862 is divided by 2335?
1842
Calculate the remainder when 1879826 is divided by 519.
8
Calculate the remainder when 82246 is divided by 134.
104
Calculate the remainder when 9009447 is divided by 2252289.
291
What is the remainder when 4158243 is divided by 33265?
118
What is the remainder when 12006483 is divided by 126384?
3
Calculate the remainder when 60413 is divided by 29634.
1145
Calculate the remainder when 1783958 is divided by 1042.
54
What is the remainder when 50181757 is divided by 22?
21
Calculate the remainder when 14096272 is divided by 88655.
127
What is the remainder when 8929454 is divided by 2232359?
18
What is the remainder when 5297671 is divided by 2778?
25
Calculate the remainder when 4146705 is divided by 507.
459
Calculate the remainder when 31064 is divided by 4533.
3866
Calculate the remainder when 6649412 is divided by 22850.
62
Calculate the remainder when 7647622 is divided by 1135.
1127
Calculate the remainder when 25880469 is divided by 1045.
1044
Calculate the remainder when 75508816 is divided by 179.
172
What is the remainder when 299863 is divided by 203?
32
Calculate the remainder when 27922372 is divided by 27922366.
6
What is the remainder when 1241599 is divided by 248312?
39
Calculate the remainder when 148260373 is divided by 37065087.
25
What is the remainder when 48221314 is divided by 157?
20
Calculate the remainder when 8142272 is divided by 34796.
8
Calculate the remainder when 3124 is divided by 769.
48
Calculate the remainder when 19138567 is divided by 22.
19
Calculate the remainder when 603646 is divided by 50303.
10
What is the remainder when 726741 is divided by 11179?
106
Calculate the remainder when 3547852 is divided by 9.
7
What is the remainder when 331802 is divided by 331030?
772
What is the remainder when 201874 is divided by 2375?
2374
Calculate the remainder when 323601 is divided by 323549.
52
What is the remainder when 738909 is divided by 352?
61
Calculate the remainder when 7523487 is divided by 835929.
126
What is the remainder when 2192386 is divided by 146159?
1
What is the remainder when 1343466 is divided by 264?
234
What is the remainder when 82436530 is divided by 728?
722
What is the remainder when 137698 is divided by 3153?
2119
Calculate the remainder when 4401523 is divided by 1100379.
7
Calculate the remainder when 12505205 is divided by 609.
608
Calculate the remainder when 2539086 is divided by 2233.
165
Calculate the remainder when 692172 is divided by 2725.
22
What is the remainder when 143550824 is divided by 359?
7
What is the remainder when 9203915 is divided by 9203914?
1
What is the remainder when 23746 is divided by 1365?
541
What is the remainder when 10311729 is divided by 1537?
1533
What is the remainder when 584988 is divided by 584938?
50
What is the remainder when 35989 is divided by 1128?
1021
Calculate the remainder when 24568 is divided by 9757.
5054
Calculate the remainder when 67228 is divided by 33571.
86
What is the remainder when 1565495 is divided by 153?
152
Calculate the remainder when 349088 is divided by 219.
2
Calculate the remainder when 5609046 is divided by 30989.
37
What is the remainder when 362748 is divided by 3296?
188
What is the remainder when 815971 is divided by 196?
23
What is the remainder when 2406986 is divided by 586?
284
Calculate the remainder when 5351562 is divided by 148.
30
What is the remainder when 307835 is divided by 102609?
8
What is the remainder when 234370257 is divided by 21711?
12
Calculate the remainder when 2102605 is divided by 185.
80
Calculate the remainder when 91945 is divided by 8152.
2273
Calculate the remainder when 2448233 is divided by 32207.
501
Calculate the remainder when 117375 is divided by 14652.
159
Calculate the remainder when 8085 is divided by 749.
595
What is the remainder when 10825707 is divided by 4820?
4807
Calculate the remainder when 9933971 is divided by 244.
243
What is the remainder when 250061 is divided by 1240?
821
Calculate the remainder when 67332972 is divided by 7135.
7112
What is the remainder when 3881366 is divided by 2936?
2910
What is the remainder when 24554284 is divided by 60?
4
What is the remainder when 1470798376 is divided by 23?
11
Calculate the remainder when 279574 is divided by 1888.
150
What is the remainder when 508609071 is divided by 129?
126
What is the remainder when 236654 is divided by 10187?
2353
What is the remainder when 61902 is divided by 1439?
25
Calculate the remainder when 3366185 is divided by 2096.
9
Calculate the remainder when 998269 is divided by 199532.
609
What is the remainder when 1047304 is divided by 779?
328
What is the remainder when 33324987 is divided by 4997?
4991
Calculate the remainder when 4443728 is divided by 1526.
16
What is the remainder when 14635437 is divided by 2090775?
12
What is the remainder when 120584 is divided by 505?
394
What is the remainder when 5902596 is divided by 377?
284
What is the remainder when 228849 is divided by 6178?
263
Calculate the remainder when 1445776 is divided by 12682.
28
Calculate the remainder when 69587 is divided by 69434.
153
Calculate the remainder when 104517 is divided by 33326.
4539
What is the remainder when 27372 is divided by 649?
114
Calculate the remainder when 85213 is divided by 39911